ermine c(5).
-6
Let k(n) be the third derivative of 0 - 1/3*n**3 + 5*n**2 + 1/60*n**5 - 1/12*n**4 + 0*n. Let t be 20/6 + 4/6. What is k(t)?
6
Let y(z) = 5*z**2. Let c(q) = q**3 - 2*q**2 - 2*q - 2. Suppose 4 = -r + 9. Suppose 2*w - 5*f = -4*f + 9, 15 = -r*f. Let m be c(w). Calculate y(m).
5
Let f = 145 - 143. Let j(q) be the first derivative of q - 1/3*q**3 + 7/2*q**f + 3. Give j(5).
11
Let m(g) = g. Suppose -34 = -4*k + 18. Let s = 10 - k. Determine m(s).
-3
Let b(y) be the third derivative of -y**6/120 + y**4/24 + y**3/3 + 22*y**2. Give b(2).
-4
Suppose 0 = 2*i + 2*i - 5*q - 11, -5*i - 5*q - 20 = 0. Let j be -3 - -6 - -11 - 3. Let a(u) = -j*u**3 - 1 + u**3 + u**3. Determine a(i).
8
Let q = 9 + -3. Let g(a) = 0*a**2 - q*a - 7*a**2 - 4*a**3 + 3*a**3. Give g(-6).
0
Let i(o) = o**2 + 3*o - 7. Let w = -67 - -102. Suppose -2*r - w = 4*j + 3*r, 4*r - 3 = 3*j. What is i(j)?
3
Let d be 2/15 - 472/(-60). Suppose -3*p - 3*v - 12 = 0, -3*p + 5*p + 4*v + d = 0. Let f(o) = -o**3 - 4*o**2 + 3*o + 6. Give f(p).
-6
Let x be -1*3*1/(-1). Let j(l) be the second derivative of l**3/6 - 5*l**2/2 - 36*l. What is j(x)?
-2
Let n = -2 + 2. Let u(p) = 3 + 0 + 2*p**2 - 6*p + n*p. Suppose 2*z - 3*d + 19 = 3*z, -2*d = -10. What is u(z)?
11
Let v = 9 + -9. Let w(c) = 5*c**3 - 4*c**3 + 9 + 0*c**3 + c**2 + 0*c**3 + c. Give w(v).
9
Let i(y) be the second derivative of -y**5/20 + 5*y**4/12 + y**2/2 - 2*y. Let j = -15 - -20. Determine i(j).
1
Let h(v) = 2*v + 2. Suppose g = 6*g + 2*m - 19, -g + 8 = -m. Let a(b) = b**3 - 6*b**2 + 3*b + 7. Let o be a(g). Give h(o).
-4
Let b = 4 - -1. Let r(k) = -2*k - b + 0*k + k. Suppose 0 = 2*i - 3*j - 3, -8*i + 3*j = -3*i - 3. Determine r(i).
-5
Let n(k) = -5*k**2 - 8*k - 6. Let f(w) = -4*w**2 - 7*w - 5. Let l(z) = 6*f(z) - 5*n(z). Let t(r) = 2*r - 1. Let i be t(3). Determine l(i).
15
Let p(h) = h**2 + 7*h + 2. Let k be -5*((-27)/(-15) - 3). Let o = 7 - k. Let y = -4 - o. Give p(y).
-8
Suppose 2*j + 2*j = 32. Suppose -2*o = -3*y + 8, -6*y - j = -2*y + 2*o. Suppose y = -q - 0*q. Let x(s) = s**2 + s. Calculate x(q).
0
Suppose 5 = -3*y - 1, -3 = -5*i + 4*y. Let l be (i + 4)*4/(-6). Let h(g) be the first derivative of -g**4/4 - g**3/3 - 308. Calculate h(l).
4
Let t(u) = u. Let o be t(0). Let f(b) = -2*b + 4*b - 3*b + 3*b**3 - 2*b**3. What is f(o)?
0
Let j = 8 - 13. Let f(y) = -y**2 - 8*y - 6. What is f(j)?
9
Let v(p) = -7*p**3 + 9*p**2 - 3*p - 2. Let n(j) = -j**3 + j**2 - j - 1. Let k(o) = 6*n(o) - v(o). Give k(4).
0
Let f(s) = -s**3 + 16*s**2 + 18*s - 15. Let d be f(17). Let n be (-1 - (-2 + 1)) + d. Let r(v) = -v**3 + 2*v**2 - 2. Calculate r(n).
-2
Let k(y) = y + 1. Let f(c) = 4 - 3*c + c - 6. Let l(z) = -5*f(z) - 7*k(z). What is l(-3)?
-6
Let s be (0 + -8)*1/(-2). Suppose s = -t + 5*t. Let f(g) = 4*g + 1. Give f(t).
5
Let v(k) = -k**3 + 6*k**2 + 6*k + 8. Let c be v(7). Let j(h) = -h + 4 + c - 2. Determine j(-3).
6
Let o(x) = 10*x + 4. Let g(p) = p. Let i(t) = 8*g(t) - o(t). What is i(-3)?
2
Let w(p) = -p**2 + 3*p. Let q be w(2). Let o(k) = q*k - 4 + 4*k - 4*k. Let l(b) = 3*b - 6. Let i(v) = 5*l(v) - 8*o(v). Give i(2).
0
Let c be 14/6 + (-6)/18. Let m(j) = 2*j**c + 0 - 2*j - 3 - j**2. Calculate m(-2).
5
Let o(c) = c**2 + 6*c - 6. Suppose -y - 4*g + 6 - 33 = 0, -1 = 3*y - 4*g. Calculate o(y).
1
Let z be (1*(-9)/6)/((-6)/4). Let k(q) = 21*q**2 + q - 1. Determine k(z).
21
Let o(z) = 4*z - 4 - 1 - 5*z - 2*z. What is o(-4)?
7
Let w(c) = c**3 - 4*c**2 + c + 2. Let j(g) = 2*g - 9. Let o be j(6). Calculate w(o).
-4
Let p(r) = 9*r - 2. Let a(o) = 3 - 3*o - 7*o - 3*o. Let y(w) = -5*a(w) - 8*p(w). Let q = 2 + -3. Calculate y(q).
8
Let i(z) be the second derivative of -z**4/12 + 2*z**3/3 - 6*z. Let o = 11 - 6. Give i(o).
-5
Suppose -d - 24 = 2*d. Let i = d + 7. Let c(r) = 9*r**2 + 2*r + 1. Determine c(i).
8
Let d(v) be the third derivative of v**6/120 - v**4/8 - v**3/3 - v**2. Suppose 5*b - 5 = -5*o, 0*b = -3*o + 3*b - 15. Determine d(o).
-4
Suppose 0*c = -c + 3. Suppose 2*s = -4*q - 2, 3*q + 4 = c*s - 2*s. Let f(b) = -4*b**3 - 2*b**2 + b. Determine f(s).
-5
Let c = 14 - 8. Let z(u) = u**3 - 6*u**2 - 3*u + 7. What is z(c)?
-11
Let y = -49 - -44. Let z(i) = i + 3. Calculate z(y).
-2
Let h(f) = 2*f + 2. Let i(z) = 2*z**2 + z - 1. Let r be i(-3). Let l be 52/(-14) + (-4)/r. Give h(l).
-6
Let v(z) = -1. Let c be (1 + 2)/((-12)/(-28)). Let p(n) = 3*n + 1 - c*n + n + 4*n. Let i(a) = p(a) - 4*v(a). Calculate i(-4).
1
Let n be (-66)/12 + 3 + 20/(-8). Let m be -2*2/(-4) + 1. Let u(f) = f - 2*f - m + 4. Calculate u(n).
7
Let l(t) be the third derivative of -1/120*t**6 + t**2 + 0 - 1/20*t**5 + 0*t**4 + 0*t - 2/3*t**3. Give l(-3).
-4
Let l(s) = s**2 - 11*s + 11. Let m be l(10). Let o be (m - 6/4)*8. Let j(i) = i**3 + 5*i**2 + 5*i + 4. Determine j(o).
0
Let j(l) = 6*l**2 - l**3 + 3 - 2*l - 2*l - 5 - 3. Calculate j(5).
0
Let w(n) = n + 1 + 0*n + 0*n + 1. What is w(5)?
7
Let c be 14/5 + (-2)/(-10). Let q(y) = -2*y**3 + y**c + 11*y - 5*y**2 - 3 - 12*y. Give q(-5).
2
Let u be (-1 - 1)/(-2 + 1). Let j be (3/u)/(9/12). Let g(v) = 0*v - 9 - 4*v**j + 3*v + v**3 + 8. What is g(2)?
-3
Let q(c) = 3*c**2 + 3*c - 1. Let o = -16 - -13. Give q(o).
17
Suppose 0 = 13*z + 2*z - 30. Let j(a) = -a**2 + 3*a - 1. What is j(z)?
1
Let v(a) = -6*a + 1. Suppose -3 = 3*d - 0*d. Let c(t) = -3*t**3 - t**2 - t. Let l be c(d). Suppose -l = 2*q + q. Give v(q).
7
Let m(c) = -4*c + 4. Let x(y) = -y - 1. Let n(s) = -m(s) + 2*x(s). Give n(5).
4
Let w be (-24)/84 - 16/(-7). Let r(g) = -5*g + 3. What is r(w)?
-7
Suppose 8 = -0*w + 2*w. Let i(n) = 0 + w + 5*n - 6 - n**2. Determine i(6).
-8
Let n be (-2)/4*-3*8. Let x be (5 - 3)*2/4. Let c(b) = 0*b - x - b + n. Give c(5).
6
Let x(h) = h**3 + 4*h**2 - 3*h - 2. Let y(d) = 6*d**3 + 19*d**2 - 16*d - 9. Let a(t) = -11*x(t) + 2*y(t). Calculate a(6).
10
Let t be (((-24)/10)/3)/(6/(-15)). Let x(j) be the first derivative of -1/3*j**3 - 1/2*j**t + 1 + 0*j. Determine x(-2).
-2
Let o(r) be the third derivative of -r**4/12 + 2*r**3/3 - 34*r**2. Give o(6).
-8
Let n be (-4)/(((-48)/(-9))/(-4)) - 4. Let x(z) = z + 5*z**2 - 7*z**2 + 9*z**2. Determine x(n).
6
Let z(v) = v**3 + 6*v**2 + 6*v - 2. Let y be z(-5). Let t = -3 - y. Let x(s) be the first derivative of -s**2/2 - s - 2. Determine x(t).
-5
Let x(u) be the first derivative of u + u**2 - 3*u - 8 - 2*u. Determine x(4).
4
Suppose -j + 10 = 2*t, -5*t - 5*j = -0*t - 35. Suppose t*s - 17 - 14 = -4*z, -2*s + 10 = 0. Let l(x) = -3*x + 6. Calculate l(z).
-6
Suppose 0*t = 2*t + 2. Let a(c) be the third derivative of 7*c**4/24 + 26*c**2. Give a(t).
-7
Let x(w) = w + 3. Suppose 0 = -5*s + 24 + 21. Let a = -15 + s. Give x(a).
-3
Let n(u) = -u + 9. Let r be n(8). Let h(x) = -4*x**3 + x - 1. Let s(t) = -3*t**3 + t + 2*t**3 + 0*t + t**2. Let y(i) = r*h(i) - 3*s(i). What is y(-3)?
5
Let j(s) = -s**3 - 6*s**2 + 5*s - 7. Let z = 29 + -36. Determine j(z).
7
Let s be ((-10)/(-8))/((-1)/(-4)). Suppose 2*g = -s*m - 12, 0*g + g + 7 = -3*m. Let w = g - -3. Let v(o) = -o**3 + 3*o**2 - o - 2. Calculate v(w).
0
Let f(n) = -5*n + 17. Let s(d) = -3*d + 12. Let p(v) = -5*f(v) + 8*s(v). Calculate p(-6).
5
Suppose 0 = 3*h - 3*r - 0*r - 15, 5*r + 25 = 4*h. Let j(u) = u**2 + u - 11. Give j(h).
-11
Let a(l) = l**2 + l. Let i(f) = -f**2 - 1. Let n(t) = -3*a(t) - 2*i(t). What is n(-3)?
2
Let n(i) = -2*i - 24. Let z(d) = -d - 12. Let w(u) = 3*n(u) - 7*z(u). Let s = 8 + -13. Determine w(s).
7
Let z(f) = 5*f + 1. Let d(m) = -6*m - 2. Let o(a) = -4*d(a) - 5*z(a). What is o(5)?
-2
Let p(w) = -5*w**3. Let j(q) = -2*q - 3*q**2 + 2*q**3 - 32 + 31 + 3*q**3 - 6*q**3. Suppose 3*z + 1 = -t, -t + 2 - 3 = 2*z. Let b be j(t). Determine p(b).
5
Let b(f) be the second derivative of -2*f**3/3 + f**2/2 - 6*f. Let n be b(-1). Let d(k) = k**3 - 4*k**2 - 6*k + 2. Give d(n).
-3
Let v(f) = 17*f**2 - 1. Suppose -7*i + 2*i = -5. Give v(i).
16
Suppose -2*b + 0 = -4. Let l(d) = 2*d + d**2 - b*d - 3*d - 2. Give l(2).
-4
Let m(w) be the second derivative of -w**3/6 - w**2/2 + 3*w. What is m(-2)?
1
Let r(b) be the first derivative of 1/8*b**4 - b**3 - 1/60*b**5 + 0*b + 0*b**2 - 1. Let h(s) be the third derivative of r(s). Calculate h(4).
-5
Let w(l) be the first derivative of -l**4/4 + l**3/3 + 3*l**2/2 + 4*l - 601. Let p be -3 + (-1)/(-2)*2. Let h be 3*p*(-2)/4. Determine w(h).
-5
